{"id":3579,"date":"2017-08-20T13:08:54","date_gmt":"2017-08-20T16:08:54","guid":{"rendered":"http:\/\/aabbjf.com.br\/novo\/?page_id=3579"},"modified":"2023-11-21T11:49:01","modified_gmt":"2023-11-21T14:49:01","slug":"almoco-dos-aposentados","status":"publish","type":"page","link":"https:\/\/aabbjf.com.br\/novo\/almoco-dos-aposentados\/","title":{"rendered":"Almo\u00e7o dos Aposentados"},"content":{"rendered":"<p style=\"text-align: justify;\" align=\"center\"><span style=\"color: #453a3a; line-height: 115%; font-family: 'Arial','sans-serif'; font-size: 12pt;\">O Almo\u00e7o dos Aposentados do Banco do Brasil, realizado desde 1985 nas depend\u00eancias da AABB Juiz de Fora, servia apenas canjiquinha em seus primeiros encontros. Em pouco tempo, o almo\u00e7o j\u00e1 contava com card\u00e1pio variado e com expressivo n\u00famero de comensais, todos homens, que, posteriormente, passou a\u00a0contar tamb\u00e9m com a presen\u00e7a das esposas dos frequentadores habituais do encontro.<\/span><\/p>\n<p align=\"center\"><a href=\"https:\/\/aabbjf.com.br\/novo\/wp-content\/uploads\/2017\/10\/historiaalmoco2.jpg\"><img fetchpriority=\"high\" decoding=\"async\" class=\"alignnone wp-image-3582 size-full\" src=\"https:\/\/aabbjf.com.br\/novo\/wp-content\/uploads\/2017\/10\/historiaalmoco2.jpg\" alt=\"\" width=\"800\" height=\"509\" srcset=\"https:\/\/aabbjf.com.br\/novo\/wp-content\/uploads\/2017\/10\/historiaalmoco2.jpg 800w, https:\/\/aabbjf.com.br\/novo\/wp-content\/uploads\/2017\/10\/historiaalmoco2-300x191.jpg 300w, https:\/\/aabbjf.com.br\/novo\/wp-content\/uploads\/2017\/10\/historiaalmoco2-768x489.jpg 768w\" sizes=\"(max-width: 800px) 100vw, 800px\" \/><\/a> <a href=\"https:\/\/aabbjf.com.br\/novo\/wp-content\/uploads\/2017\/10\/historiaalmoco3.jpg\"><img decoding=\"async\" class=\"alignnone wp-image-3583 size-full\" src=\"https:\/\/aabbjf.com.br\/novo\/wp-content\/uploads\/2017\/10\/historiaalmoco3.jpg\" alt=\"\" width=\"800\" height=\"543\" srcset=\"https:\/\/aabbjf.com.br\/novo\/wp-content\/uploads\/2017\/10\/historiaalmoco3.jpg 800w, https:\/\/aabbjf.com.br\/novo\/wp-content\/uploads\/2017\/10\/historiaalmoco3-300x204.jpg 300w, https:\/\/aabbjf.com.br\/novo\/wp-content\/uploads\/2017\/10\/historiaalmoco3-768x521.jpg 768w\" sizes=\"(max-width: 800px) 100vw, 800px\" \/><br \/>\n<\/a><a href=\"https:\/\/aabbjf.com.br\/novo\/wp-content\/uploads\/2017\/10\/almocoaposentados2011novosite.jpg\"><img decoding=\"async\" class=\"alignnone wp-image-3622 size-full\" src=\"https:\/\/aabbjf.com.br\/novo\/wp-content\/uploads\/2017\/10\/almocoaposentados2011novosite.jpg\" alt=\"\" width=\"800\" height=\"600\" srcset=\"https:\/\/aabbjf.com.br\/novo\/wp-content\/uploads\/2017\/10\/almocoaposentados2011novosite.jpg 800w, https:\/\/aabbjf.com.br\/novo\/wp-content\/uploads\/2017\/10\/almocoaposentados2011novosite-300x225.jpg 300w, https:\/\/aabbjf.com.br\/novo\/wp-content\/uploads\/2017\/10\/almocoaposentados2011novosite-768x576.jpg 768w\" sizes=\"(max-width: 800px) 100vw, 800px\" \/><\/a><a href=\"https:\/\/aabbjf.com.br\/novo\/wp-content\/uploads\/2017\/10\/historiaalmoco4.jpg\"><img loading=\"lazy\" decoding=\"async\" class=\"alignnone wp-image-3585 size-full\" src=\"https:\/\/aabbjf.com.br\/novo\/wp-content\/uploads\/2017\/10\/historiaalmoco4.jpg\" alt=\"\" width=\"800\" height=\"450\" srcset=\"https:\/\/aabbjf.com.br\/novo\/wp-content\/uploads\/2017\/10\/historiaalmoco4.jpg 800w, https:\/\/aabbjf.com.br\/novo\/wp-content\/uploads\/2017\/10\/historiaalmoco4-300x169.jpg 300w, https:\/\/aabbjf.com.br\/novo\/wp-content\/uploads\/2017\/10\/historiaalmoco4-768x432.jpg 768w\" sizes=\"(max-width: 800px) 100vw, 800px\" \/><\/a><br \/>\n<a href=\"https:\/\/aabbjf.com.br\/novo\/wp-content\/uploads\/2023\/05\/1-17.jpg\"><img loading=\"lazy\" decoding=\"async\" class=\"alignnone size-full wp-image-25858\" src=\"https:\/\/aabbjf.com.br\/novo\/wp-content\/uploads\/2023\/05\/1-17.jpg\" alt=\"\" width=\"1000\" height=\"750\" srcset=\"https:\/\/aabbjf.com.br\/novo\/wp-content\/uploads\/2023\/05\/1-17.jpg 1000w, https:\/\/aabbjf.com.br\/novo\/wp-content\/uploads\/2023\/05\/1-17-300x225.jpg 300w, https:\/\/aabbjf.com.br\/novo\/wp-content\/uploads\/2023\/05\/1-17-768x576.jpg 768w\" sizes=\"(max-width: 1000px) 100vw, 1000px\" \/><\/a> <a href=\"https:\/\/aabbjf.com.br\/novo\/wp-content\/uploads\/2023\/05\/2-21.jpg\"><img loading=\"lazy\" decoding=\"async\" class=\"alignnone size-full wp-image-25859\" src=\"https:\/\/aabbjf.com.br\/novo\/wp-content\/uploads\/2023\/05\/2-21.jpg\" alt=\"\" width=\"1300\" height=\"975\" srcset=\"https:\/\/aabbjf.com.br\/novo\/wp-content\/uploads\/2023\/05\/2-21.jpg 1300w, https:\/\/aabbjf.com.br\/novo\/wp-content\/uploads\/2023\/05\/2-21-300x225.jpg 300w, https:\/\/aabbjf.com.br\/novo\/wp-content\/uploads\/2023\/05\/2-21-1024x768.jpg 1024w, https:\/\/aabbjf.com.br\/novo\/wp-content\/uploads\/2023\/05\/2-21-768x576.jpg 768w\" sizes=\"(max-width: 1300px) 100vw, 1300px\" \/><\/a><\/p>\n","protected":false},"excerpt":{"rendered":"<p>O Almo\u00e7o dos Aposentados do Banco do Brasil, realizado desde 1985 nas depend\u00eancias da AABB Juiz de Fora, servia apenas canjiquinha em seus primeiros encontros. Em pouco tempo, o almo\u00e7o j\u00e1 contava com card\u00e1pio variado e com expressivo n\u00famero de comensais, todos homens, que, posteriormente, passou a\u00a0contar tamb\u00e9m com a presen\u00e7a das esposas dos frequentadores [&hellip;]<\/p>\n","protected":false},"author":1,"featured_media":3581,"parent":0,"menu_order":0,"comment_status":"closed","ping_status":"open","template":"","meta":{"footnotes":""},"_links":{"self":[{"href":"https:\/\/aabbjf.com.br\/novo\/wp-json\/wp\/v2\/pages\/3579"}],"collection":[{"href":"https:\/\/aabbjf.com.br\/novo\/wp-json\/wp\/v2\/pages"}],"about":[{"href":"https:\/\/aabbjf.com.br\/novo\/wp-json\/wp\/v2\/types\/page"}],"author":[{"embeddable":true,"href":"https:\/\/aabbjf.com.br\/novo\/wp-json\/wp\/v2\/users\/1"}],"replies":[{"embeddable":true,"href":"https:\/\/aabbjf.com.br\/novo\/wp-json\/wp\/v2\/comments?post=3579"}],"version-history":[{"count":7,"href":"https:\/\/aabbjf.com.br\/novo\/wp-json\/wp\/v2\/pages\/3579\/revisions"}],"predecessor-version":[{"id":25860,"href":"https:\/\/aabbjf.com.br\/novo\/wp-json\/wp\/v2\/pages\/3579\/revisions\/25860"}],"wp:featuredmedia":[{"embeddable":true,"href":"https:\/\/aabbjf.com.br\/novo\/wp-json\/wp\/v2\/media\/3581"}],"wp:attachment":[{"href":"https:\/\/aabbjf.com.br\/novo\/wp-json\/wp\/v2\/media?parent=3579"}],"curies":[{"name":"wp","href":"https:\/\/api.w.org\/{rel}","templated":true}]}}