{"id":1729,"date":"2017-09-27T19:05:22","date_gmt":"2017-09-27T22:05:22","guid":{"rendered":"http:\/\/aabbjf.com.br\/novo\/?page_id=1729"},"modified":"2017-10-25T17:44:48","modified_gmt":"2017-10-25T20:44:48","slug":"localizacao","status":"publish","type":"page","link":"https:\/\/aabbjf.com.br\/novo\/localizacao\/","title":{"rendered":"Localiza\u00e7\u00e3o"},"content":{"rendered":"<p style=\"text-align: center;\"><strong>Associa\u00e7\u00e3o Atl\u00e9tica Banco do Brasil \u2013 Juiz de Fora MG<br \/>\n<\/strong><\/p>\n<p align=\"center\"><img fetchpriority=\"high\" decoding=\"async\" src=\"http:\/\/www.aabbjf.com.br\/home\/images\/INSTITUCIONAL\/institucionallocalizacao.jpg\" alt=\"institucionallocalizacao\" width=\"300\" height=\"225\" \/><\/p>\n<p align=\"center\">\u00a0A<strong>venida Deusdedit Salgado, 1690 Teixeiras<\/strong><strong><br \/>\n<\/strong><strong>36033-000 &#8211; Juiz de Fora \u2013 MG<br \/>\n<\/strong><strong><br \/>\n(32)\u00a0<\/strong><strong>3236-1404 &#8211;\u00a0<\/strong><strong>(32)\u00a0<\/strong><strong>3217-5186<\/strong><\/p>\n<p align=\"center\"><strong>Refer\u00eancias de localiza\u00e7\u00e3o:<\/strong><\/p>\n<p style=\"text-align: justify;\"><strong>Chegando pela BR-040<\/strong><br \/>\nAp\u00f3s chegar a Juiz de Fora pela BR-040, percorra aproximadamente 5 km pela estrada de acesso ao munic\u00edpio (o clube fica ao lado do Parque da Lajinha, que se localiza logo na entrada da cidade).<\/p>\n<p style=\"text-align: justify;\"><strong>Chegando p<\/strong><strong>or outros acessos<\/strong><strong><br \/>\n<\/strong>Ap\u00f3s chegar a Juiz de Fora por outros acessos, informe-se na cidade sobre a localiza\u00e7\u00e3o da Avenida\u00a0Presidente Itamar Franco\u00a0\/ Bairros Cascatinha &#8211; Teixeiras.<\/p>\n<p><iframe style=\"border: 0px currentColor;\" src=\"https:\/\/www.google.com\/maps\/embed?pb=!1m14!1m8!1m3!1d3704.7252000331105!2d-43.364292!3d-21.790894!3m2!1i1024!2i768!4f13.1!3m3!1m2!1s0x989d19df68aabf%3A0x21209140090701e3!2sAABB+-+Associa%C3%A7%C3%A3o+Atl%C3%A9tica+Banco+do+Brasil!5e0!3m2!1spt-BR!2sbr!4v1506601047041\" width=\"600\" height=\"450\" frameborder=\"0\" allowfullscreen=\"allowfullscreen\"><\/iframe><\/p>\n","protected":false},"excerpt":{"rendered":"<p>Associa\u00e7\u00e3o Atl\u00e9tica Banco do Brasil \u2013 Juiz de Fora MG \u00a0Avenida Deusdedit Salgado, 1690 Teixeiras 36033-000 &#8211; Juiz de Fora \u2013 MG (32)\u00a03236-1404 &#8211;\u00a0(32)\u00a03217-5186 Refer\u00eancias de localiza\u00e7\u00e3o: Chegando pela BR-040 Ap\u00f3s chegar a Juiz de Fora pela BR-040, percorra aproximadamente 5 km pela estrada de acesso ao munic\u00edpio (o clube fica ao lado do Parque [&hellip;]<\/p>\n","protected":false},"author":1,"featured_media":3598,"parent":0,"menu_order":0,"comment_status":"closed","ping_status":"closed","template":"","meta":{"footnotes":""},"_links":{"self":[{"href":"https:\/\/aabbjf.com.br\/novo\/wp-json\/wp\/v2\/pages\/1729"}],"collection":[{"href":"https:\/\/aabbjf.com.br\/novo\/wp-json\/wp\/v2\/pages"}],"about":[{"href":"https:\/\/aabbjf.com.br\/novo\/wp-json\/wp\/v2\/types\/page"}],"author":[{"embeddable":true,"href":"https:\/\/aabbjf.com.br\/novo\/wp-json\/wp\/v2\/users\/1"}],"replies":[{"embeddable":true,"href":"https:\/\/aabbjf.com.br\/novo\/wp-json\/wp\/v2\/comments?post=1729"}],"version-history":[{"count":7,"href":"https:\/\/aabbjf.com.br\/novo\/wp-json\/wp\/v2\/pages\/1729\/revisions"}],"predecessor-version":[{"id":3785,"href":"https:\/\/aabbjf.com.br\/novo\/wp-json\/wp\/v2\/pages\/1729\/revisions\/3785"}],"wp:featuredmedia":[{"embeddable":true,"href":"https:\/\/aabbjf.com.br\/novo\/wp-json\/wp\/v2\/media\/3598"}],"wp:attachment":[{"href":"https:\/\/aabbjf.com.br\/novo\/wp-json\/wp\/v2\/media?parent=1729"}],"curies":[{"name":"wp","href":"https:\/\/api.w.org\/{rel}","templated":true}]}}