{"id":1693,"date":"2017-09-27T17:31:30","date_gmt":"2017-09-27T20:31:30","guid":{"rendered":"http:\/\/aabbjf.com.br\/novo\/?page_id=1693"},"modified":"2025-12-29T14:19:54","modified_gmt":"2025-12-29T17:19:54","slug":"associe","status":"publish","type":"page","link":"https:\/\/aabbjf.com.br\/novo\/associe\/","title":{"rendered":"Associe"},"content":{"rendered":"<p style=\"text-align: center;\">Saiba como se associar na AABB Juiz de Fora:<\/p>\n\n\n<p class=\"has-text-align-center\">N\u00e3o \u00e9 necess\u00e1rio ser funcion\u00e1rio do Banco do Brasil para se associar.<\/p>\n\n\n\n<p class=\"has-text-align-center\">Pedimos aos interessados em se associar que sejam apresentados por um associado.<\/p>\n\n\n\n<p class=\"has-text-align-center\">Taxa de Ades\u00e3o: R$ 6.000,00<\/p>\n\n\n\n<figure class=\"wp-block-image size-large\"><a href=\"https:\/\/aabbjf.com.br\/novo\/wp-content\/uploads\/2025\/12\/1-APRESENTACAO-2.jpg\"><img fetchpriority=\"high\" decoding=\"async\" width=\"793\" height=\"1024\" src=\"https:\/\/aabbjf.com.br\/novo\/wp-content\/uploads\/2025\/12\/1-APRESENTACAO-2-793x1024.jpg\" alt=\"\" class=\"wp-image-37135\" srcset=\"https:\/\/aabbjf.com.br\/novo\/wp-content\/uploads\/2025\/12\/1-APRESENTACAO-2-793x1024.jpg 793w, https:\/\/aabbjf.com.br\/novo\/wp-content\/uploads\/2025\/12\/1-APRESENTACAO-2-232x300.jpg 232w, https:\/\/aabbjf.com.br\/novo\/wp-content\/uploads\/2025\/12\/1-APRESENTACAO-2-768x992.jpg 768w, https:\/\/aabbjf.com.br\/novo\/wp-content\/uploads\/2025\/12\/1-APRESENTACAO-2.jpg 1080w\" sizes=\"(max-width: 793px) 100vw, 793px\" \/><\/a><\/figure>\n\n\n\n<p class=\"has-text-align-center\">Clique nos documentos abaixo para imprimir e preencher:<\/p>\n\n\n\n<figure class=\"wp-block-image size-large\"><a href=\"https:\/\/aabbjf.com.br\/novo\/wp-content\/uploads\/2025\/12\/2-PROPOSTA-ASSOCIADO-COMUNITARIO.pdf\"><img decoding=\"async\" width=\"724\" height=\"1024\" src=\"https:\/\/aabbjf.com.br\/novo\/wp-content\/uploads\/2025\/12\/2-PROPOSTA-ASSOCIADO-COMUNITARIO-pdf-724x1024.jpg\" alt=\"\" class=\"wp-image-37140\"\/><\/a><\/figure>\n\n\n\n<figure class=\"wp-block-image size-large\"><a href=\"https:\/\/aabbjf.com.br\/novo\/wp-content\/uploads\/2025\/12\/3-FICHA-CADASTRAL-ASSOCIADOS.pdf\"><img decoding=\"async\" width=\"724\" height=\"1024\" src=\"https:\/\/aabbjf.com.br\/novo\/wp-content\/uploads\/2025\/12\/3-FICHA-CADASTRAL-ASSOCIADOS-pdf-724x1024.jpg\" alt=\"\" class=\"wp-image-37141\"\/><\/a><\/figure>\n\n\n\n<figure class=\"wp-block-image size-large\"><a href=\"https:\/\/aabbjf.com.br\/novo\/wp-content\/uploads\/2025\/12\/4-FICHA-CADASTRAL-DEPENDENTES.pdf\"><img loading=\"lazy\" decoding=\"async\" width=\"724\" height=\"1024\" src=\"https:\/\/aabbjf.com.br\/novo\/wp-content\/uploads\/2025\/12\/4-FICHA-CADASTRAL-DEPENDENTES-pdf-724x1024.jpg\" alt=\"\" class=\"wp-image-37142\"\/><\/a><\/figure>\n\n\n\n<p class=\"has-text-align-center\"><strong>Dependentes:<\/strong><\/p>\n\n\n\n<p class=\"has-text-align-center\">Pai, m\u00e3e, sogro e sogra (a partir de 65 anos), filhos (de 18 at\u00e9 25 se estiver cursando faculdade mediante o comprovante de estudante) e c\u00f4njuge.<\/p>\n\n\n\n<p class=\"has-text-align-center\"><strong>Documentos necess\u00e1rios:<\/strong><\/p>\n\n\n\n<ul>\n<li>C\u00d3PIA de identidade e CPF (titular e dependentes) e\/ou certid\u00e3o de nascimento (crian\u00e7as).<\/li>\n\n\n\n<li>C\u00d3PIA da certid\u00e3o de casamento ou declara\u00e7\u00e3o de uni\u00e3o est\u00e1vel com assinaturas autenticadas em cart\u00f3rio;<\/li>\n\n\n\n<li>C\u00d3PIA do comprovante de resid\u00eancia atual;<\/li>\n\n\n\n<li>UMA FOTO 3&#215;4 do titular e dependentes.<\/li>\n\n\n\n<li><strong>Comprovante de vinculo<\/strong> se funcion\u00e1rio do Banco do Brasil ou conveniado de institui\u00e7\u00e3o parceira da AABB\/JF.<\/li>\n<\/ul>\n\n\n\n<p class=\"has-text-align-center\"><strong>OBS: <\/strong>NA FALTA DA DOCUMENTA\u00c7\u00c3O OBRIGAT\u00d3RIA (INCLUINDO AS FOTOS) N\u00c3O SER\u00c1 REALIZADA A ADES\u00c3O.<\/p>\n\n\n\n<p class=\"has-text-align-center\"><strong>Observa\u00e7\u00f5es:<\/strong><\/p>\n\n\n\n<p class=\"has-text-align-center\">Os dependentes maiores de 18 anos devem trazer c\u00f3pia do comprovante de curso de ensino superior.<\/p>\n\n\n\n<p class=\"has-text-align-center\">Pedimos aos interessados em se associar que sejam apresentados por um associado.<\/p>\n\n\n\n<p class=\"has-text-align-center\">Associados efetivos (funcion\u00e1rios ou pensionistas do Banco do Brasil) t\u00eam isen\u00e7\u00e3o total na Taxa de Ades\u00e3o. J\u00e1 seus parentes t\u00eam isen\u00e7\u00e3o total ou desconto na Taxa de Ades\u00e3o, desde que na AABB em que o titular \u00e9 associado pagante. Confira pelo grau de parentesco:<\/p>\n\n\n\n<p class=\"has-text-align-center\"><strong>1\u00ba grau &#8211;<\/strong><\/p>\n\n\n\n<p class=\"has-text-align-center\">Pai\/M\u00e3e \u2013 Filho\/Filha (100% de desconto)<br>Pai: acima de 65 anos<br>M\u00e3e: acima de 62 anos<\/p>\n\n\n\n<p class=\"has-text-align-center\"><strong>2\u00ba grau &#8211;<\/strong><\/p>\n\n\n\n<p class=\"has-text-align-center\">Av\u00f3\/Av\u00f4 \u2013 Neto\/Neta (60% de desconto)<\/p>\n\n\n\n<p class=\"has-text-align-center\"><strong>3\u00ba grau &#8211;<\/strong><\/p>\n\n\n\n<p class=\"has-text-align-center\">Bisav\u00f4\/Bisav\u00f3 \u2013 Bisneto\/Bisneta (40% de desconto)<\/p>\n\n\n\n<p class=\"has-text-align-center\">D\u00e9bito nas mensalidades somente atrav\u00e9s de D\u00c9BITO EM CONTA (Banco do Brasil) ou por CR\u00c9DITO RECORRENTE \u2013 D\u00e9bito no Cart\u00e3o de Cr\u00e9dito.<\/p>\n\n\n\n<p class=\"has-text-align-center\"><strong>CR\u00c9DITO RECORRENTE<\/strong> &#8211; <strong>Mensalidades da AABB<\/strong><\/p>\n\n\n\n<p class=\"has-text-align-center\">Cadastre-se no <strong>CR\u00c9DITO RECORRENTE<\/strong> e tenha suas mensalidades debitadas todos os meses em seu cart\u00e3o de cr\u00e9dito.<\/p>\n\n\n\n<p class=\"has-text-align-center\">Compare\u00e7a \u00e0 Administra\u00e7\u00e3o da AABB e assine a autoriza\u00e7\u00e3o do <strong>CR\u00c9DITO RECORRENTE<\/strong>. Dessa forma voc\u00ea ficar\u00e1 em dia com o clube de forma c\u00f4moda e segura.<\/p>\n\n\n\n<p class=\"has-text-align-center\"><strong>Mais informa\u00e7\u00f5es:<\/strong><br>(32) 3236-1404 \/ (32) 3217-5186 \/<br>(32) 99811-9571 &#8211; WhatsApp<br><a href=\"mailto:aabb@aabbjf.com.br\">aabb@aabbjf.com.br<\/a><\/p>\n","protected":false},"excerpt":{"rendered":"<p>Saiba como se associar na AABB Juiz de Fora: N\u00e3o \u00e9 necess\u00e1rio ser funcion\u00e1rio do Banco do Brasil para se associar. Pedimos aos interessados em se associar que sejam apresentados por um associado. Taxa de Ades\u00e3o: R$ 6.000,00 Clique nos documentos abaixo para imprimir e preencher: Dependentes: Pai, m\u00e3e, sogro e sogra (a partir de [&hellip;]<\/p>\n","protected":false},"author":1,"featured_media":3598,"parent":0,"menu_order":0,"comment_status":"closed","ping_status":"closed","template":"","meta":{"footnotes":""},"_links":{"self":[{"href":"https:\/\/aabbjf.com.br\/novo\/wp-json\/wp\/v2\/pages\/1693"}],"collection":[{"href":"https:\/\/aabbjf.com.br\/novo\/wp-json\/wp\/v2\/pages"}],"about":[{"href":"https:\/\/aabbjf.com.br\/novo\/wp-json\/wp\/v2\/types\/page"}],"author":[{"embeddable":true,"href":"https:\/\/aabbjf.com.br\/novo\/wp-json\/wp\/v2\/users\/1"}],"replies":[{"embeddable":true,"href":"https:\/\/aabbjf.com.br\/novo\/wp-json\/wp\/v2\/comments?post=1693"}],"version-history":[{"count":47,"href":"https:\/\/aabbjf.com.br\/novo\/wp-json\/wp\/v2\/pages\/1693\/revisions"}],"predecessor-version":[{"id":37146,"href":"https:\/\/aabbjf.com.br\/novo\/wp-json\/wp\/v2\/pages\/1693\/revisions\/37146"}],"wp:featuredmedia":[{"embeddable":true,"href":"https:\/\/aabbjf.com.br\/novo\/wp-json\/wp\/v2\/media\/3598"}],"wp:attachment":[{"href":"https:\/\/aabbjf.com.br\/novo\/wp-json\/wp\/v2\/media?parent=1693"}],"curies":[{"name":"wp","href":"https:\/\/api.w.org\/{rel}","templated":true}]}}